uppose 44*m = 56*m - 3804. What are the prime factors of m?
317
Suppose 4*p + p = 4*w - 4, -3*w - 3*p + 3 = 0. Suppose 5 = j - w. List the prime factors of j.
2, 3
Let o be 7 - (2 + 2 + -1). Let u = -1 + o. What are the prime factors of u?
3
Let q be -39*(0 + 6/(-9)). Suppose -3*c + q = -19. List the prime factors of c.
3, 5
Let v(w) = -7*w + 5. Let d be ((-2)/(-5))/((-2)/(-30)). Let g(n) = -6*n + 4. Let q(p) = d*g(p) - 5*v(p). What are the prime factors of q(-3)?
2
Let q = 6 + -4. Suppose -q*b = -5*b + 51. Suppose -5*n = -b + 2. List the prime factors of n.
3
Suppose 5*d = 3*d. Suppose -2*k + 3*u + 2 = d, -k - u + 4 + 2 = 0. What are the prime factors of k?
2
Suppose -2 = -p - 1, -18 = -o - 5*p. List the prime factors of o.
13
What are the prime factors of (475/57)/((-2)/(-18) - 0)?
3, 5
Suppose b + 5*s - 24 = -2, 0 = 4*b + 5*s - 103. What are the prime factors of b?
3
Let d(o) = -2*o - 2. Let j(p) = p**2 - 13*p + 16. Let i be j(11). List the prime factors of d(i).
2, 5
Let t(n) = -2*n + 4. Let i be t(3). Let w = 0 - i. Suppose -w*z - d + 9 = 0, -3*d - 2 + 17 = 4*z. What are the prime factors of z?
2, 3
Let a(r) = -7*r - 39. List the prime factors of a(-19).
2, 47
Suppose -3*r - 2*r = -25. Suppose 2*j = 3*j - 9. Suppose -2*m + j = -r. List the prime factors of m.
7
Let q = -1 - -5. Suppose -q*s + 14 + 58 = 0. What are the prime factors of s?
2, 3
Suppose 13*p = 10*p + 123. List the prime factors of p.
41
Suppose -48 = -3*l + 15. What are the prime factors of l?
3, 7
Let p(m) = -5*m + 4. Let b(t) = -4*t + 4. Let f(u) = -6*b(u) + 5*p(u). What are the prime factors of f(-8)?
2
Suppose -5*v + 0*v + 240 = 0. What are the prime factors of v?
2, 3
Let t(r) = -r**2 - 4*r + 3. Let w be t(-6). List the prime factors of 30/w*6/(-4).
5
Suppose -5*v - 2 = -37. Let r = v - -2. List the prime factors of r.
3
List the prime factors of 1548/45 + 2/(-5).
2, 17
Let r = 132 - 60. Let z be (r/(-14))/(-3)*7. Let a = 25 - z. List the prime factors of a.
13
Suppose -2*g - 9 = -5*g. Suppose 2*k - 7 = a, -5*k = -g*k + a - 13. What are the prime factors of k + -1 + -1 - -2?
5
Suppose -l = 5*l + 6. Let h = l + 8. List the prime factors of h.
7
Let h(d) = 0*d**3 + 1 + d + 2*d - 3*d**3 + 3*d**2. Let k be h(-2). Suppose -5*m = -86 + k. What are the prime factors of m?
11
Let i = 0 + 4. Let f(v) = v**2 - 5*v - 1. Let w be f(i). Let y = 13 + w. What are the prime factors of y?
2
Let a(b) = b**3 - 4*b**2 + 3*b - 2. Let o be a(4). Let v be (8/(-5))/(o/(-25)). Suppose v*q = -0*q + 20. What are the prime factors of q?
5
Let i(m) = -m**2. Let g(s) = -s**2 - 10*s + 7. Let j(y) = -g(y) + 2*i(y). Let v = -11 + 18. List the prime factors of j(v).
2, 7
Suppose 2*t = -0*t. Suppose t*q - 96 = -2*q. What are the prime factors of q?
2, 3
Suppose -2*i = -0*r - 2*r - 128, -r = i - 66. List the prime factors of i.
5, 13
Let j(g) = g**3 - g**2. Let a be j(0). List the prime factors of 1/2*a + 12.
2, 3
Suppose -3*g = 6, 8 + 16 = 3*h + 3*g. Let o(z) = 2*z**2 - 3*z**2 - z**3 - 10*z - h*z**2 + 12. What are the prime factors of o(-10)?
2, 3
Let s(n) = -n**3 - 11*n**2 + n + 13. Let y be s(-11). Suppose t = 3*b - 1, b = 5*t - y*t - 13. List the prime factors of b.
2
Let n(d) = d**2 - 3*d. Let h be n(3). Let x(y) = h - 1 + 2*y + 0. What are the prime factors of x(5)?
3
Suppose 4*d + 8 = -4*q - 24, -d + 5*q + 4 = 0. What are the prime factors of 2/(-6) + (-68)/d?
11
Suppose 5*l = -3*k + 30, -2*k = -3*k - 3*l + 14. Suppose 46 = q + k*d, 0 = -2*q - d - 0*d + 92. What are the prime factors of q?
2, 23
Suppose 40 = n - 0*n. Suppose s = -3*s + n. List the prime factors of s.
2, 5
Suppose -v + 5 = -3*h, -h = 3*h. What are the prime factors of v?
5
Suppose 2*i = 161 - 11. List the prime factors of i.
3, 5
Suppose 3*r + 30 - 142 = 2*g, -r - g = -34. List the prime factors of r.
2, 3
Let w = -1 - -4. What are the prime factors of 3 - (-6)/3 - w?
2
Let c be -9 - 7 - 6/(-2). Let r be 3 + (2 - 0) + c. List the prime factors of (-26)/r - 4/16.
3
Let g be 3 + (0 - 2 - -3). Suppose 4*m - 88 = -2*v, -3*v + 94 = g*m - 4*v. Let z = m - 15. What are the prime factors of z?
2
Suppose -5*p = -5*o, -5*p - 2*o + 14 = -0*o. Suppose 0 = -6*n + p*n - 816. What are the prime factors of n/(-28) + 2/(-7)?
7
Let d = -4 - -4. Suppose d = -3*u - 7 + 16. What are the prime factors of u?
3
Let c be 1 + 0 + 0 + 0. Suppose q = 2 + c. List the prime factors of q.
3
Let c(d) = -d**3 - 11*d**2 + 11*d - 7. Let g be c(-12). Suppose 3*u - 5*q = 33, g*q = u + 4*u - 65. List the prime factors of u.
2
Suppose -3*a + 3*u - 2 = -a, 4*a + 4*u - 36 = 0. Let p be (12/(-5))/((-10)/125). Suppose -a*l + 0*l + p = 0. List the prime factors of l.
2, 3
Let w(f) = f**3 - f**2 + f + 1. Let h be w(2). Suppose h*l = 2*l + 70. Suppose -l = -3*q + q. What are the prime factors of q?
7
Let i = 10 - 4. What are the prime factors of i?
2, 3
Let c be -3*4/(-42)*7. Suppose -3*g = -5*y - 52, 22 = g + c*g + y. What are the prime factors of g?
3
Suppose -4*k = k. Let u = k - -6. What are the prime factors of u?
2, 3
Suppose -8 - 4 = -4*r. Let q(z) = z**2 - 10*z + 3 + 10*z. What are the prime factors of q(r)?
2, 3
Let p(f) = 4*f**2 - f + 1. List the prime factors of p(3).
2, 17
List the prime factors of ((-348)/3)/(2/(-4)).
2, 29
Suppose -2*i + 25 = -i. Let z = -14 + i. What are the prime factors of z?
11
Suppose -6 = -5*x + 19. Suppose 3 = -o, -2*i - 24 = -x*i + 4*o. Suppose 0 = i*k - 32 - 8. What are the prime factors of k?
2, 5
Suppose -6*d + 3*d = -39. List the prime factors of d.
13
Suppose 12 = 4*q - 12. Let h be (1 + -1)/(-7 + 8). Suppose h*a - q = -a. List the prime factors of a.
2, 3
Let c(h) be the third derivative of 0 + 0*h**4 - 1/15*h**6 + 1/6*h**3 - 1/30*h**5 + 0*h + 2*h**2. What are the prime factors of c(-1)?
7
Suppose 3*u - 14 = -0*s - s, 3*u + 3*s = 24. Let r = 4 + u. What are the prime factors of r?
7
Let n be 1 - (3 + 3)/(-3). Suppose 3*b - 21 - 45 = n*g, -3*b + 66 = 4*g. List the prime factors of b.
2, 11
Let y(v) = 10*v + 2 - 4 - v**2 - 3. What are the prime factors of y(8)?
11
List the prime factors of (1 - 7)/(-3)*42.
2, 3, 7
Let g be (-8)/2*(-3 + 1). Suppose 5*a + 2*m = g, -4*a + 5*m = -5 + 25. Suppose -p = 3*j - 3*p - 4, a = j - p. List the prime factors of j.
2
Let u(w) = 2*w**3 - 3*w**2 + 2*w - 3. Let k be u(2). Suppose -m + k = 3. What are the prime factors of (22/(-4))/((-1)/m)?
11
Suppose -4*v - 350 = 2*p, 2*p - 3*v + 195 = p. What are the prime factors of p/(-27) - 6/(-27)?
7
Suppose c = 2*c + 3*n - 41, 0 = c - 2*n - 21. Suppose 0 = 3*p - 10 - c. List the prime factors of p.
13
Suppose 5*c + 12 = 57. Let y be (-2)/3 + 231/c. Suppose -y = -5*s + 10. List the prime factors of s.
7
Let r be 2 + 0 + -3 + 0. What are the prime factors of 2 + (r - (-3 + 2))?
2
Suppose -3*m + 75 = -2*j, 15 = 4*m + j - 96. List the prime factors of m.
3
List the prime factors of 2 - (56/(-12))/(6/207).
163
Let m be 4 - 4 - 1*10. Let c be (-2)/(-3) + m/6. Let o(z) = 17*z**2 + z. What are the prime factors of o(c)?
2
Let w = -4 - -26. List the prime factors of w.
2, 11
Suppose -2 = -2*s + 10. Suppose -50 = l - s*l. Suppose l = y + y. What are the prime factors of y?
5
What are the prime factors of 125/3 - -2 - (-5)/15?
2, 11
Suppose -5*v - 38 = -2*o - 0*o, -3*v = -6. What are the prime factors of o?
2, 3
Let o(u) = -u**3 - 8*u**2 + 14*u + 17. List the prime factors of o(-10).
7, 11
Let f = 253 - -59. What are the prime factors of f?
2, 3, 13
Let n = -15 - -24. List the prime factors of n.
3
Let x(u) = u**2 + 5*u - 5. Suppose -57 = 3*p + 3*h, -p + 5 = 3*h + 26. Let z = p - -11. What are the prime factors of x(z)?
3
Suppose -3*b + 2*b + 5 = 0. Let t = b - 2. List the prime factors of t.
3
What are the prime factors of 4*9/12 + 15?
2, 3
Suppose 0 = 3*r - 6*r + 69. Let l = r + 13. What are the prime factors of l?
2, 3
Let h = 15 - -17. Suppose 7 = 3*g - h. List the prime factors of g.
13
What are the prime factors of 8/12 + 7/3?
3
List the prime factors of (-3)/16*-4*4 - -171.
2, 3, 29
Suppose -h - 2 = -6. Suppose -h*d + 19 = -29. What are the prime factors of d?
2, 3
Suppose 154 = 6*q - 38. What are the prime factors of q?
2
Suppose 0 = -4*s + 2*y + 6, -4*y - 16 = -s - 4. Suppose -p = -5*h - 22, -p + s*p - 4*h = -31. What are the prime factors of p?
3
Suppose 3*b 